or of 2403522 and 41591.
2189
What is the greatest common divisor of 404505 and 2225000?
445
What is the highest common factor of 791260 and 540?
20
Calculate the greatest common factor of 10 and 14464490.
10
What is the greatest common divisor of 21620053 and 5018?
2509
Calculate the highest common factor of 1580 and 90260.
20
Calculate the greatest common divisor of 98 and 25233628.
98
What is the highest common factor of 37577955 and 30?
15
What is the greatest common factor of 53387 and 515549?
197
Calculate the highest common factor of 38488360 and 120.
40
Calculate the highest common factor of 33125482 and 3016.
754
Calculate the highest common divisor of 24508 and 21254563.
6127
What is the greatest common factor of 58261670 and 12430?
1130
Calculate the highest common divisor of 2159215240 and 7868.
7868
Calculate the highest common factor of 234885 and 61635.
105
Calculate the greatest common divisor of 95944 and 1603846.
134
What is the highest common divisor of 309 and 38091?
3
What is the greatest common divisor of 138975820 and 40?
20
Calculate the highest common divisor of 7045 and 13625.
5
Calculate the highest common factor of 82499604 and 2904.
132
Calculate the greatest common divisor of 142485 and 2820720.
2415
What is the greatest common divisor of 25245 and 34005?
15
Calculate the greatest common factor of 2368 and 202264496.
592
What is the greatest common divisor of 140696 and 669124?
1636
Calculate the greatest common divisor of 522 and 2652369.
87
What is the highest common divisor of 48485360 and 935?
935
What is the highest common factor of 284 and 2854981?
71
Calculate the highest common divisor of 1575840 and 67040.
160
What is the highest common factor of 54844779 and 2253?
2253
Calculate the greatest common divisor of 401604158 and 68.
34
What is the highest common divisor of 41497260 and 315?
105
What is the greatest common divisor of 281545174 and 22106?
3158
Calculate the highest common divisor of 4047 and 92815.
19
What is the highest common divisor of 15969889 and 713?
23
Calculate the greatest common factor of 49011 and 5584371.
2883
What is the greatest common factor of 132461 and 6519926?
889
What is the highest common divisor of 24 and 2796579?
3
Calculate the greatest common factor of 5917 and 359967.
97
Calculate the greatest common factor of 88574 and 4768454.
1322
Calculate the highest common factor of 26464896 and 576.
576
Calculate the highest common factor of 92746784 and 32318.
2938
Calculate the highest common divisor of 174050151 and 31.
31
Calculate the highest common divisor of 151541676 and 234.
234
Calculate the highest common factor of 26595456 and 132.
12
Calculate the highest common divisor of 156909 and 94308.
813
Calculate the highest common divisor of 2375995 and 5735.
155
Calculate the highest common factor of 774275 and 31.
1
Calculate the highest common factor of 1442791 and 20377.
497
What is the greatest common factor of 32 and 28744960?
32
Calculate the highest common factor of 46053 and 9176566.
119
Calculate the highest common divisor of 328 and 12788.
4
Calculate the highest common factor of 72494770 and 1010.
1010
Calculate the greatest common divisor of 140 and 35787220.
140
What is the greatest common divisor of 4995211089 and 1551?
1551
Calculate the greatest common factor of 588854820 and 120.
60
Calculate the greatest common factor of 1360 and 550073760.
1360
Calculate the highest common divisor of 64 and 185456224.
32
What is the highest common factor of 14560 and 90580?
140
Calculate the highest common factor of 1820766 and 2190.
438
Calculate the greatest common factor of 268746 and 105186.
282
What is the highest common divisor of 21131706 and 6?
6
What is the highest common divisor of 1545204663 and 454?
227
What is the highest common factor of 1932 and 101200828?
92
What is the greatest common divisor of 344 and 9058810?
86
What is the greatest common divisor of 6908818 and 1010800?
5054
What is the highest common divisor of 33 and 162294?
33
Calculate the greatest common factor of 903 and 10852401.
21
Calculate the highest common factor of 16434606 and 1806366.
11082
Calculate the highest common divisor of 18688 and 233819.
73
Calculate the greatest common factor of 151088 and 4902.
38
What is the highest common divisor of 175 and 129269?
7
Calculate the highest common divisor of 640340 and 1911510.
3170
Calculate the greatest common factor of 326599100 and 100.
100
What is the highest common divisor of 165138 and 2414?
34
What is the highest common factor of 1460979 and 117?
117
Calculate the greatest common factor of 498524 and 10036.
52
Calculate the greatest common factor of 31635 and 123187545.
855
What is the greatest common factor of 154874 and 302408?
734
What is the greatest common divisor of 73185 and 18824610?
1785
What is the highest common factor of 1179 and 1374453?
9
What is the highest common divisor of 6756638 and 15856?
1982
Calculate the highest common divisor of 39870 and 100260.
90
What is the highest common divisor of 3610764 and 4020?
804
Calculate the highest common factor of 134199 and 50897691.
3627
What is the greatest common divisor of 354531807 and 882?
441
What is the greatest common factor of 94 and 122766209?
47
Calculate the greatest common divisor of 541052217 and 2754.
1377
Calculate the highest common factor of 2968 and 210815556.
1484
Calculate the greatest common factor of 14290090 and 1330.
190
Calculate the highest common factor of 64329 and 701223.
123
Calculate the highest common factor of 6330 and 13800.
30
Calculate the greatest common divisor of 175000 and 37235000.
5000
Calculate the greatest common divisor of 4474900 and 1606.
146
What is the highest common divisor of 1936 and 45827056?
1936
What is the highest common factor of 6 and 1795047?
3
Calculate the greatest common divisor of 660 and 247971180.
60
What is the highest common factor of 5341 and 1804376?
49
What is the greatest common divisor of 2036 and 3396557?
509
Calculate the highest common divisor of 418056 and 816.
24
What is the greatest common divisor of 22367422 and 784?
98
What is the highest common factor of 536973 and 2343?
213
Calculate the highest common factor of 115853138 and 62.
62
Calculate the highest common factor of 12870 and 12637950.
390
Calculate the greatest common factor of 244224 and 1117240.
424
Calculate the highest common divisor of 6 and 6139734.
6
Calculate the highest common divisor of 2219743 and 4124.
1031
Calculate the highest common factor of 3512576 and 512.
256
Calculate the greatest common divisor of 178923847 and 2573.
2573
What is the greatest common factor of 7680 and 191712?
96
Calculate the highest common divisor of 974674288 and 5488.
5488
Calculate the highest common divisor of 51772149 and 121847.
6413
Calculate the highest common factor of 2601 and 130454311.
289
What is the greatest common divisor of 2544 and 1234635?
159
What is the highest common factor of 4956 and 269979339?
1239
What is the highest common divisor of 117 and 1002027?
39
What is the highest common divisor of 30 and 1615659?
3
Calculate the highest common factor of 588 and 11199734.
98
Calculate the highest common factor of 26804142 and 702.
54
Calculate the highest common factor of 937310 and 220.
110
What is the greatest common divisor of 9391518 and 504?
18
Calculate the greatest common divisor of 748087280 and 388.
388
Calculate the highest common factor of 1440 and 7900380.
180
Calculate the highest common factor of 764520 and 30705.
345
What is the highest common factor of 2465120 and 17885?
35
Calculate the highest common divisor of 90882 and 126126.
198
What is the greatest common factor of 1416 and 317324184?
1416
Calculate the greatest common factor of 269695 and 3380.
5
What is the highest common divisor of 44063480 and 40?
40
What is the greatest common divisor of 1522160 and 217565?
265
What is the greatest common factor of 32311510 and 273483?
10129
Calculate the greatest common factor of 377 and 1573267748.
377
Calculate the highest common divisor of 433 and 98197472.
433
What is the greatest common divisor of 112214 and 28652?
38
What is the highest common factor of 774592 and 19600?
784
Calculate the greatest common divis